{"id":500,"date":"2025-02-12T11:43:30","date_gmt":"2025-02-12T10:43:30","guid":{"rendered":"https:\/\/dental-ellenberger.de\/?post_type=product&#038;p=500"},"modified":"2025-02-12T11:45:38","modified_gmt":"2025-02-12T10:45:38","slug":"unigloves-select-blue","status":"publish","type":"product","link":"https:\/\/dental-ellenberger.de\/index.php\/produkt\/unigloves-select-blue\/","title":{"rendered":"Unigloves Select Blue"},"content":{"rendered":"<div class=\"grid_item col_1_2\">\n<div class=\"product_details\">\n<div class=\"product_detail\">\n<div class=\"full_width\">\n<h2><strong>Der Blaue<\/strong><\/h2>\n<p>Der Select Blue ist ein vielseitig verwendbarer, <strong>lebensmittelechter<\/strong> Hygiene- und Schutzhandschuh aus hochwertigem Naturlatex. Neben unterschiedlichen Einsatzbereichen in der Gastronomie, Industrie und Reinigung kommt der Einweghandschuh auch in Krankenh\u00e4usern und Arztpraxen zum Einsatz. Gepr\u00fcft wurde der Select Blue nach der <strong>PSA-Verordnung (EU) 2016\/425<\/strong> sowie den europ\u00e4ischen Normen <strong>EN 374, EN 420 und EN 455<\/strong>. Das wasserdichte Material zeichnet sich durch hohe Strapazierf\u00e4higkeit aus und bietet Schutz gegen Viren, Pilze und Bakterien. Die <strong>mikroraue<\/strong> Oberfl\u00e4che des Handschuhs sorgt f\u00fcr extra Halt und Sicherheit im Umgang mit Instrumenten oder feuchten Gegenst\u00e4nden. Mit einem Proteingehalt von weniger als 50 \u00b5g\/dm\u00b2 ist der Latex auch f\u00fcr empfindliche Haut \u00fcberaus angenehm. Das An- und Ausziehen des Select Blues gestaltet sich dank der Chlorinierung und dem stabilen Rollrand \u00e4u\u00dferst schnell und einfach. Zudem eignen sich das beidh\u00e4ndige Design und die flexible Passform hervorragend f\u00fcr den h\u00e4ufig wechselnden Gebrauch. Der Select Blue ist in der <strong>Farbe Blau<\/strong> sowie den Gr\u00f6\u00dfen <strong>S, M, L und XL<\/strong> erh\u00e4ltlich.<\/p>\n<\/div>\n<\/div>\n<\/div>\n<\/div>\n<div class=\"line_spacer\"><\/div>\n","protected":false},"excerpt":{"rendered":"<div class=\"grid_item col_1_2\">\n<table class=\"variant_attribute_table\">\n<tbody>\n<tr>\n<th class=\"attribute_names\" scope=\"row\">Medizinprodukt Klasse<\/th>\n<td>I<\/td>\n<\/tr>\n<tr>\n<th class=\"attribute_names\" scope=\"row\">Verpackungsinhalt<\/th>\n<td>100<\/td>\n<\/tr>\n<tr>\n<th class=\"attribute_names\" scope=\"row\">Inhalt je Umverpackung<\/th>\n<td>10<\/td>\n<\/tr>\n<tr>\n<th class=\"attribute_names\" scope=\"row\"><\/th>\n<td><\/td>\n<\/tr>\n<tr>\n<th class=\"attribute_names\" scope=\"row\"><\/th>\n<td><\/td>\n<\/tr>\n<\/tbody>\n<\/table>\n<\/div>\n<div class=\"grid_item col_1_2\">\n<table class=\"variant_attribute_table\">\n<colgroup>\n<col \/>\n<col class=\"attribute_values\" \/><\/colgroup>\n<tbody>\n<tr>\n<th class=\"attribute_names\" scope=\"row\">Material<\/th>\n<td>Latex<\/td>\n<\/tr>\n<tr>\n<th class=\"attribute_names\" scope=\"row\">Farbe<\/th>\n<td>Blau<\/td>\n<\/tr>\n<tr>\n<th class=\"attribute_names\" scope=\"row\">L\u00e4nge<\/th>\n<td>240 mm<\/td>\n<\/tr>\n<tr>\n<th class=\"attribute_names\" scope=\"row\">AQL<\/th>\n<td>1,5<\/td>\n<\/tr>\n<tr>\n<th class=\"attribute_names\" scope=\"row\">Gr\u00f6\u00dfe<\/th>\n<td>S (6,0-7,0), M (7,0-8,0), L (8,0-9,0), XL (9,0-10,0)<\/td>\n<\/tr>\n<tr>\n<th class=\"attribute_names\" scope=\"row\">Produktmerkmale<\/th>\n<td>mikrogeraute Handfl\u00e4che, puderfrei, Rollrand, unsteril, au\u00dfen chloriniert, extra griffig, Farbleitsystem<\/td>\n<\/tr>\n<tr>\n<th class=\"attribute_names\" scope=\"row\">Klassifikation<\/th>\n<td>MD, EN 374-1 Typ-C, EN 455 T 1-4, CE, Lebensmittelecht<\/td>\n<\/tr>\n<\/tbody>\n<\/table>\n<\/div>\n","protected":false},"featured_media":503,"comment_status":"open","ping_status":"closed","template":"","meta":[],"product_brand":[35],"product_cat":[34],"product_tag":[61,43,41,62],"class_list":{"0":"post-500","1":"product","2":"type-product","3":"status-publish","4":"has-post-thumbnail","6":"product_brand-unigloves","7":"product_cat-handschuhe","8":"product_tag-einweghandschuhe","9":"product_tag-latex","10":"product_tag-latexhandschuhe","11":"product_tag-puderfrei","13":"first","14":"instock","15":"taxable","16":"shipping-taxable","17":"product-type-variable"},"_links":{"self":[{"href":"https:\/\/dental-ellenberger.de\/index.php\/wp-json\/wp\/v2\/product\/500","targetHints":{"allow":["GET"]}}],"collection":[{"href":"https:\/\/dental-ellenberger.de\/index.php\/wp-json\/wp\/v2\/product"}],"about":[{"href":"https:\/\/dental-ellenberger.de\/index.php\/wp-json\/wp\/v2\/types\/product"}],"replies":[{"embeddable":true,"href":"https:\/\/dental-ellenberger.de\/index.php\/wp-json\/wp\/v2\/comments?post=500"}],"wp:featuredmedia":[{"embeddable":true,"href":"https:\/\/dental-ellenberger.de\/index.php\/wp-json\/wp\/v2\/media\/503"}],"wp:attachment":[{"href":"https:\/\/dental-ellenberger.de\/index.php\/wp-json\/wp\/v2\/media?parent=500"}],"wp:term":[{"taxonomy":"product_brand","embeddable":true,"href":"https:\/\/dental-ellenberger.de\/index.php\/wp-json\/wp\/v2\/product_brand?post=500"},{"taxonomy":"product_cat","embeddable":true,"href":"https:\/\/dental-ellenberger.de\/index.php\/wp-json\/wp\/v2\/product_cat?post=500"},{"taxonomy":"product_tag","embeddable":true,"href":"https:\/\/dental-ellenberger.de\/index.php\/wp-json\/wp\/v2\/product_tag?post=500"}],"curies":[{"name":"wp","href":"https:\/\/api.w.org\/{rel}","templated":true}]}}