{"id":74,"date":"2025-02-12T11:43:29","date_gmt":"2025-02-12T10:43:29","guid":{"rendered":"https:\/\/dental-ellenberger.de\/?post_type=product&#038;p=74"},"modified":"2025-02-13T15:20:16","modified_gmt":"2025-02-13T14:20:16","slug":"unigloves-pearl-nitrilhandschuhe-puderfrei","status":"publish","type":"product","link":"https:\/\/dental-ellenberger.de\/index.php\/produkt\/unigloves-pearl-nitrilhandschuhe-puderfrei\/","title":{"rendered":"Unigloves Pearl Nitrilhandschuhe"},"content":{"rendered":"<p>Die Handschuhe der<strong> Pearl-Serie<\/strong> sind <strong>vielseitig verwendbare<\/strong>, lebensmittelechte Hygiene- und Schutzhandschuhe aus Nitril. Die Einweghandschuhe finden sowohl in der Gastronomie und Industrie als auch in Krankenh\u00e4usern und Arztpraxen sowie in Kosmetik- und Friseursalons Verwendung. Gepr\u00fcft wurden die Handschuhe nach der <strong>PSA-Verordnung (EU) 2016\/425<\/strong> und den europ\u00e4ischen Normen <strong>EN 374, EN 420 und EN 455<\/strong>. Das Material der Pearls ist wasserdicht, \u00e4u\u00dferst rei\u00dffest und bietet Schutz gegen Viren, Pilze und Bakterien. Das latex-, thiuram- und proteinfreie Nitril ist au\u00dferdem \u00fcberaus <strong>sanft zur Haut<\/strong>. Die <strong>angerauten<\/strong> Fingerspitzen erm\u00f6glichen einen sicheren Griff, ohne das Tastempfinden einzuschr\u00e4nken. Die flexible Passform gestalten das An- und Ausziehen des Handschuhs leicht und angenehm. Durch das beidh\u00e4ndige Design wird zugleich der schnelle und wechselnde Gebrauch erleichtert.<\/p>\n<p>Die Pearl-Serie ist in <strong><a href=\"https:\/\/shop.unigloves.de\/de\/handschuhe\/einweghandschuhe\/unigloves-blue-pearl-\">Blau<\/a>, <a href=\"https:\/\/shop.unigloves.de\/de\/handschuhe\/einweghandschuhe\/unigloves-cobalt-pearl-\">Cobalt<\/a>, <a href=\"https:\/\/shop.unigloves.de\/de\/handschuhe\/einweghandschuhe\/unigloves-lime-pearl-\">Lime<\/a>, <a href=\"https:\/\/shop.unigloves.de\/de\/handschuhe\/einweghandschuhe\/unigloves-mint-pearl-\">Mint<\/a>, <a href=\"https:\/\/shop.unigloves.de\/de\/handschuhe\/einweghandschuhe\/unigloves-magenta-pearl-\">Magenta<\/a>, <a href=\"https:\/\/shop.unigloves.de\/de\/handschuhe\/einweghandschuhe\/unigloves-opal-pearl-\">Opal<\/a>, <a href=\"https:\/\/shop.unigloves.de\/de\/handschuhe\/einweghandschuhe\/unigloves-pink-pearl-\">Pink<\/a>, <a href=\"https:\/\/shop.unigloves.de\/de\/handschuhe\/einweghandschuhe\/unigloves-red-pearl-\">Rot<\/a>, <a href=\"https:\/\/shop.unigloves.de\/de\/handschuhe\/einweghandschuhe\/unigloves-sapphire-pearl-\">Saphir<\/a>, <a href=\"https:\/\/shop.unigloves.de\/de\/handschuhe\/einweghandschuhe\/unigloves-violet-pearl-\">Violett<\/a>, <a href=\"https:\/\/shop.unigloves.de\/de\/handschuhe\/einweghandschuhe\/unigloves-white-pearl-\">Wei\u00df<\/a>,<\/strong> <a href=\"https:\/\/shop.unigloves.de\/de\/handschuhe\/einweghandschuhe\/unigloves-black-pearl-\"><strong>Schwarz<\/strong><\/a>, <a href=\"https:\/\/shop.unigloves.de\/de\/handschuhe\/einweghandschuhe\/unigloves-yellow-pearl-\"><strong>Gelb<\/strong><\/a>, <strong><a href=\"https:\/\/shop.unigloves.de\/de\/handschuhe\/einweghandschuhe\/unigloves-orange-pearl-\">Orange<\/a>, <a href=\"https:\/\/shop.unigloves.de\/de\/handschuhe\/einweghandschuhe\/unigloves-burgundy-pearl-\">Burgundy<\/a><\/strong> und <a href=\"https:\/\/shop.unigloves.de\/de\/handschuhe\/einweghandschuhe\/unigloves-green-pearl-\"><strong>Gr\u00fcn<\/strong><\/a> sowie in den <strong>Gr\u00f6\u00dfen XS, S, M, L <\/strong>und<strong> XL<\/strong> erh\u00e4ltlich.<\/p>\n<p><strong>Ihre Vorteile:<\/strong><\/p>\n<p><strong>Best\u00e4ndig gegen eine Vielzahl von Chemikalien:<\/strong> Bietet robusten Schutz und stellt sicher, dass Anwender w\u00e4hrend des Gebrauchs vor sch\u00e4dlichen Substanzen gesch\u00fctzt sind.<br \/>\n\u2022 <strong>Ideal f\u00fcr Farbkennzeichnungen in der Lebensmittel-, Reinigungs- und Gesundheitsbranche:<\/strong> In 16 Farben erh\u00e4ltlich und damit perfekt geeignet, um Farbkennzeichnungssysteme zu implementieren, Kreuzkontaminationen zu verhindern und Hygienestandards einzuhalten.<br \/>\n\u2022 <strong>Erf\u00fcllt medizinische Standards:<\/strong> Diese Handschuhe entsprechen strengen medizinischen Standards, einschlie\u00dflich rigoroser Dichtigkeitstests, um eine hochwirksame Barriere gegen Krankheitserreger und Verunreinigungen zu gew\u00e4hrleisten.<br \/>\n\u2022 <strong>Latexfrei:<\/strong> Schlie\u00dft das Risiko von Latexallergien (Typ-I-Sensibilisierung) aus und minimiert die Partikelkontamination.<br \/>\n\u2022 <strong>Geeignet f\u00fcr den Kontakt mit allen Lebensmitteltypen:<\/strong> Ideal f\u00fcr den Umgang mit Lebensmitteln und deren Zubereitung.<br \/>\n\u2022 <strong>Nitrilmaterial passt sich der Hand an:<\/strong> Sorgt f\u00fcr eine enge und bequeme Passform, die die Fingerfertigkeit verbessert und die Erm\u00fcdung der H\u00e4nde bei l\u00e4ngerer Nutzung verringert.<br \/>\n\u2022 <strong>Rollrand:<\/strong> Bietet zus\u00e4tzliche Stabilit\u00e4t beim Anziehen und verhindert das Zur\u00fccklaufen von Fl\u00fcssigkeiten.<br \/>\n\u2022 <strong>Texturierte Fingerspitzen:<\/strong> Sorgt f\u00fcr besseren Halt und erleichtert den Umgang mit Werkzeugen und Materialien in nassen oder fettigen Umgebungen.<br \/>\n\u2022 <strong>Verwendung mit Mobiltelefonen\/Tablets ohne Abnehmen der Handschuhe:<\/strong> Dank der Touchscreen-Kompatibilit\u00e4t k\u00f6nnen Benutzer mobile Ger\u00e4te und Tablets nahtlos bedienen, ohne die Handschuhe ausziehen zu m\u00fcssen, was Effizienz und Produktivit\u00e4t steigert.<\/p>\n","protected":false},"excerpt":{"rendered":"<p>Die Handschuhe der Pearl-Serie sind vielseitig verwendbare, lebensmittelechte Hygiene- und Schutzhandschuhe aus Nitril. Die Einweghandschuhe finden sowohl in der Gastronomie und Industrie als auch in Krankenh\u00e4usern und Arztpraxen sowie in Kosmetik- und Friseursalons Verwendung. Gepr\u00fcft wurden die Handschuhe nach der PSA-Verordnung (EU) 2016\/425 und den europ\u00e4ischen Normen EN 374, EN 420 und EN 455. Das [&hellip;]<\/p>\n","protected":false},"featured_media":132,"comment_status":"open","ping_status":"closed","template":"","meta":[],"product_brand":[35],"product_cat":[34],"product_tag":[],"class_list":{"0":"post-74","1":"product","2":"type-product","3":"status-publish","4":"has-post-thumbnail","6":"product_brand-unigloves","7":"product_cat-handschuhe","9":"first","10":"instock","11":"taxable","12":"shipping-taxable","13":"product-type-variable"},"_links":{"self":[{"href":"https:\/\/dental-ellenberger.de\/index.php\/wp-json\/wp\/v2\/product\/74","targetHints":{"allow":["GET"]}}],"collection":[{"href":"https:\/\/dental-ellenberger.de\/index.php\/wp-json\/wp\/v2\/product"}],"about":[{"href":"https:\/\/dental-ellenberger.de\/index.php\/wp-json\/wp\/v2\/types\/product"}],"replies":[{"embeddable":true,"href":"https:\/\/dental-ellenberger.de\/index.php\/wp-json\/wp\/v2\/comments?post=74"}],"wp:featuredmedia":[{"embeddable":true,"href":"https:\/\/dental-ellenberger.de\/index.php\/wp-json\/wp\/v2\/media\/132"}],"wp:attachment":[{"href":"https:\/\/dental-ellenberger.de\/index.php\/wp-json\/wp\/v2\/media?parent=74"}],"wp:term":[{"taxonomy":"product_brand","embeddable":true,"href":"https:\/\/dental-ellenberger.de\/index.php\/wp-json\/wp\/v2\/product_brand?post=74"},{"taxonomy":"product_cat","embeddable":true,"href":"https:\/\/dental-ellenberger.de\/index.php\/wp-json\/wp\/v2\/product_cat?post=74"},{"taxonomy":"product_tag","embeddable":true,"href":"https:\/\/dental-ellenberger.de\/index.php\/wp-json\/wp\/v2\/product_tag?post=74"}],"curies":[{"name":"wp","href":"https:\/\/api.w.org\/{rel}","templated":true}]}}