{"id":822,"date":"2025-02-24T12:19:16","date_gmt":"2025-02-24T11:19:16","guid":{"rendered":"https:\/\/dental-ellenberger.de\/?post_type=product&#038;p=822"},"modified":"2025-02-24T12:19:16","modified_gmt":"2025-02-24T11:19:16","slug":"unigloves-softan-waschlotion","status":"publish","type":"product","link":"https:\/\/dental-ellenberger.de\/index.php\/produkt\/unigloves-softan-waschlotion\/","title":{"rendered":"Unigloves Softan-Waschlotion"},"content":{"rendered":"<p>Unsere Softan <strong>Waschlotion<\/strong> ist die ideale Wahl f\u00fcr Menschen, die auf der Suche nach einer <strong>milden<\/strong> und <strong>schonenden<\/strong> Reinigungsl\u00f6sung f\u00fcr ihre Haut sind. Die sanfte Formel unserer Waschlotion reinigt die Haut sanft und gr\u00fcndlich.<\/p>\n<p>Dabei ist unsere Waschlotion pH-hautneutral (Anwendung) und enth\u00e4lt gleichzeitig <strong>keine Duft-<\/strong> oder <strong>Farbstoffe<\/strong>.<\/p>\n<p>\u00dcberzeugen Sie sich selbst von der sanften Reinigungswirkung unserer Softan Waschlotion.<\/p>\n<p>&nbsp;<\/p>\n<p><img decoding=\"async\" class=\"alignnone wp-image-655\" src=\"https:\/\/dental-ellenberger.de\/wp-content\/uploads\/2025\/02\/label_ger-1-300x185.webp\" alt=\"\" width=\"101\" height=\"62\" srcset=\"https:\/\/dental-ellenberger.de\/wp-content\/uploads\/2025\/02\/label_ger-1-300x185.webp 300w, https:\/\/dental-ellenberger.de\/wp-content\/uploads\/2025\/02\/label_ger-1.webp 433w\" sizes=\"(max-width: 101px) 100vw, 101px\" \/><\/p>\n","protected":false},"excerpt":{"rendered":"<p>Mdizinprodukt Klasse: keine<\/p>\n<p>Duftvariante: Neutral<\/p>\n<p>Produktmerkmale: gebrauchsfertig, pH-hautneural<\/p>\n","protected":false},"featured_media":827,"comment_status":"open","ping_status":"closed","template":"","meta":[],"product_brand":[35],"product_cat":[65,72],"product_tag":[],"class_list":{"0":"post-822","1":"product","2":"type-product","3":"status-publish","4":"has-post-thumbnail","6":"product_brand-unigloves","7":"product_cat-desinfektion","8":"product_cat-handdesinfektion-pflege","10":"first","11":"instock","12":"taxable","13":"shipping-taxable","14":"product-type-variable"},"_links":{"self":[{"href":"https:\/\/dental-ellenberger.de\/index.php\/wp-json\/wp\/v2\/product\/822","targetHints":{"allow":["GET"]}}],"collection":[{"href":"https:\/\/dental-ellenberger.de\/index.php\/wp-json\/wp\/v2\/product"}],"about":[{"href":"https:\/\/dental-ellenberger.de\/index.php\/wp-json\/wp\/v2\/types\/product"}],"replies":[{"embeddable":true,"href":"https:\/\/dental-ellenberger.de\/index.php\/wp-json\/wp\/v2\/comments?post=822"}],"wp:featuredmedia":[{"embeddable":true,"href":"https:\/\/dental-ellenberger.de\/index.php\/wp-json\/wp\/v2\/media\/827"}],"wp:attachment":[{"href":"https:\/\/dental-ellenberger.de\/index.php\/wp-json\/wp\/v2\/media?parent=822"}],"wp:term":[{"taxonomy":"product_brand","embeddable":true,"href":"https:\/\/dental-ellenberger.de\/index.php\/wp-json\/wp\/v2\/product_brand?post=822"},{"taxonomy":"product_cat","embeddable":true,"href":"https:\/\/dental-ellenberger.de\/index.php\/wp-json\/wp\/v2\/product_cat?post=822"},{"taxonomy":"product_tag","embeddable":true,"href":"https:\/\/dental-ellenberger.de\/index.php\/wp-json\/wp\/v2\/product_tag?post=822"}],"curies":[{"name":"wp","href":"https:\/\/api.w.org\/{rel}","templated":true}]}}