{"id":833,"date":"2025-03-11T10:49:23","date_gmt":"2025-03-11T09:49:23","guid":{"rendered":"https:\/\/dental-ellenberger.de\/?post_type=product&#038;p=833"},"modified":"2025-03-11T10:49:23","modified_gmt":"2025-03-11T09:49:23","slug":"absaugkanuelen-top-tips-regular","status":"publish","type":"product","link":"https:\/\/dental-ellenberger.de\/index.php\/produkt\/absaugkanuelen-top-tips-regular\/","title":{"rendered":"Absaugkan\u00fclen TOP TIPS | REGULAR"},"content":{"rendered":"<p><strong>Unsere neu geformten TOP TIPS<\/strong> haben eine <strong>extrem geringe Ger\u00e4uschentwicklung<\/strong>.<\/p>\n<p>Sie werden aus Polyethylene hergestellt und verf\u00fcgen \u00fcber eine speziell texturierte Oberfl\u00e4che. Und das aus zwei Gr\u00fcnden: Einerseits haben Sie einen <strong>besseren Grip<\/strong> beim Verwenden, andererseits werden die <strong>Lichtreflexionen<\/strong> f\u00fcr ein sichereres Arbeiten <strong>minimiert<\/strong>.<\/p>\n<p>TOP TIPS sind auch f\u00fcr den <strong>Autoklav mit Temperaturen bis 134\u00b0C geeignet.<\/strong><\/p>\n<p>TOP TIPS sind in einer Kinder- und einer Erwachsenengr\u00f6\u00dfe verf\u00fcgbar.<\/p>\n<p>&nbsp;<\/p>\n<p><strong>ZERTIFIKATE<\/strong><\/p>\n<p><img decoding=\"async\" class=\"alignnone size-full wp-image-864\" src=\"https:\/\/dental-ellenberger.de\/wp-content\/uploads\/2025\/03\/CE-Mark-black-60x43-1.png\" alt=\"\" width=\"60\" height=\"43\" \/><\/p>\n<p>&nbsp;<\/p>\n<p>&nbsp;<\/p>\n","protected":false},"excerpt":{"rendered":"<p>124 mm L\u00e4nge | 16 cm Durchmesser | 10 St\u00fcck pro Polybeutel<\/p>\n","protected":false},"featured_media":835,"comment_status":"open","ping_status":"closed","template":"","meta":[],"product_brand":[36],"product_cat":[66],"product_tag":[],"class_list":{"0":"post-833","1":"product","2":"type-product","3":"status-publish","4":"has-post-thumbnail","6":"product_brand-akzenta","7":"product_cat-dentalbedarf","9":"first","10":"instock","11":"taxable","12":"shipping-taxable","13":"product-type-variable"},"_links":{"self":[{"href":"https:\/\/dental-ellenberger.de\/index.php\/wp-json\/wp\/v2\/product\/833","targetHints":{"allow":["GET"]}}],"collection":[{"href":"https:\/\/dental-ellenberger.de\/index.php\/wp-json\/wp\/v2\/product"}],"about":[{"href":"https:\/\/dental-ellenberger.de\/index.php\/wp-json\/wp\/v2\/types\/product"}],"replies":[{"embeddable":true,"href":"https:\/\/dental-ellenberger.de\/index.php\/wp-json\/wp\/v2\/comments?post=833"}],"wp:featuredmedia":[{"embeddable":true,"href":"https:\/\/dental-ellenberger.de\/index.php\/wp-json\/wp\/v2\/media\/835"}],"wp:attachment":[{"href":"https:\/\/dental-ellenberger.de\/index.php\/wp-json\/wp\/v2\/media?parent=833"}],"wp:term":[{"taxonomy":"product_brand","embeddable":true,"href":"https:\/\/dental-ellenberger.de\/index.php\/wp-json\/wp\/v2\/product_brand?post=833"},{"taxonomy":"product_cat","embeddable":true,"href":"https:\/\/dental-ellenberger.de\/index.php\/wp-json\/wp\/v2\/product_cat?post=833"},{"taxonomy":"product_tag","embeddable":true,"href":"https:\/\/dental-ellenberger.de\/index.php\/wp-json\/wp\/v2\/product_tag?post=833"}],"curies":[{"name":"wp","href":"https:\/\/api.w.org\/{rel}","templated":true}]}}